(v) be the first derivative of 0*v - 16 - 17/2*v**2. Give h(-1).
17
Let i(a) = 17*a**2 - 10*a - 18. Let m(b) = 37*b**2 - 20*b - 37. Let x(z) = -13*i(z) + 6*m(z). Determine x(-7).
-9
Let x(o) be the third derivative of -o**4/12 + o**3 + 7*o**2 - 3*o. Let s = 3 + -9. Calculate x(s).
18
Let p(r) = -r**2 - 15*r - 42. Suppose -60*g - 61 - 779 = 0. Give p(g).
-28
Let h(y) = -10*y + 26. Let z(w) = -38*w + 101. Let b(k) = 11*h(k) - 3*z(k). Calculate b(5).
3
Let x(n) be the second derivative of -4*n**3/3 - 20*n + 1. What is x(1)?
-8
Let q(k) = 635*k - 116 - 197*k - 223*k - 219*k. Determine q(-9).
-80
Let z(o) be the third derivative of -7*o**6/120 - o**3/6 - 20*o**2. Let a = 74 - 71. Suppose 0 = 2*b - 4*u - 0*u + 10, b + 7 = a*u. Give z(b).
6
Let a = 90 + -99. Let r(j) = 3*j**2 - 9*j - 8. Let o(w) = -7*w**2 + 18*w + 17. Let x(i) = a*r(i) - 4*o(i). Calculate x(-9).
4
Suppose p - 1666*h + 33 = -1670*h, -2*p = 4*h + 34. Let y(z) = -72*z**2 - z. Calculate y(p).
-71
Let l(n) be the third derivative of -n**6/120 - 17*n**5/30 - 31*n**4/24 + 6*n**3 + 288*n**2. Calculate l(-33).
-30
Let c(s) = s**2 + 22*s + 31. Let a = -434 - -413. Give c(a).
10
Let g(k) = 2. Let n(o) = -o + 6. Suppose 12*y + 6*y - 18 = 0. Let d(b) = y*n(b) - 4*g(b). Calculate d(7).
-9
Suppose 35*k = 29*k + 24*k. Let g be 2/3 - 292/(-3). Let c(h) = g*h - 99*h + 0 + k - 2. Give c(-3).
1
Let p = 253 - 235. Suppose 2*h + 10 = -3*x, p*x = 16*x + 2*h. Let y(l) = -l**3 - 5*l**2 - 3*l. Give y(x).
-6
Let h(x) be the third derivative of -x**6/60 + 7*x**5/30 - 2*x**4/3 + 16*x**3/3 - 23*x**2 + 3*x + 4. Give h(6).
8
Let x(s) = -s + 682 - 1480 + 765. What is x(-27)?
-6
Let t(s) = 3*s + 64. Suppose -3263 = -4*l - 3239, 0 = 4*d + 3*l + 70. Give t(d).
-2
Suppose -2*o - 1 = 3. Let k(z) be the second derivative of -7/6*z**3 - z**2 - 23*z + 0. Calculate k(o).
12
Let j(m) = -m**3 + 6*m**2 - 2*m + 4. Let r = 2576 - 2571. Determine j(r).
19
Let w(d) = 2*d**2 - d - 117. Let l be w(8). Let g(t) = -t. Let c(x) = 5*x - 2. Let m(y) = -2*y + 1. Let n be m(-1). Let o(u) = n*g(u) + c(u). Determine o(l).
4
Let w(o) = 14*o - 21. Let p(u) = -9*u + 127. Let s be p(13). Let x(a) = -46*a + 64. Let h(i) = s*w(i) + 3*x(i). Determine h(13).
8
Let d(h) = 2*h**2 - 244*h - 998. Let l be d(-4). Let s(u) = u**3 - 8*u**2 - 18*u - 26. What is s(l)?
-6
Let h(o) = -10*o**3 + 13*o**2 - 13. Let i(a) = -3*a**3 + 4*a**2 - 4. Let v(u) = 4*h(u) - 14*i(u). Suppose -2*q - 6 = -12. Calculate v(q).
22
Let j(k) be the first derivative of 2*k**3/3 - 3*k**2/2 + 10*k - 753. What is j(5)?
45
Let l(q) = q**3 - q - 5. Let a(d) = 2*d**3 + 3*d**2 - 2*d - 5. Let p(y) = -2*a(y) + 3*l(y). Suppose -11*s + 6 = -12*s. Give p(s).
-11
Suppose 3*n + 4*l - 20 = 0, 5*n - 3*n - 2 = 3*l. Suppose -k = 2*r - 4, 3*r = -4*k - 2 + 8. Suppose -n*s + 18 - r = 0. Let j(a) = -a + 9. Determine j(s).
5
Let s be ((-30)/35 - (-310)/35)*1. Let z(f) = 6*f**2 - 14*f - 2. Let c(d) = -7*d**2 + 15*d + 2. Let y(b) = 5*c(b) + 6*z(b). What is y(s)?
-10
Let z(x) = -2*x - 7. Suppose 5*v = 265 - 2575. Let k = 455 + v. What is z(k)?
7
Let n(k) = 10*k - 76. Let d be n(8). Let i(s) = 8 + d*s - 2 + 16 + 8. Calculate i(-9).
-6
Let a = -15510 - -15523. Let m(t) = 3*t**2 - 42*t + 31. Give m(a).
-8
Suppose 5*a = 5*w - 0*a + 25, -13 = 5*w + a. Let r(p) = -6*p**2 + 115*p + 14. Let c(g) = 15*g**2 - 281*g - 34. Let o(j) = -9*c(j) - 22*r(j). Calculate o(w).
-26
Let o(l) be the third derivative of l**3/2 + 216*l**2. Let r(k) = -k - 6. Let p(g) = -4*o(g) + r(g). Calculate p(0).
-18
Suppose -5*a - 177 = 123. Suppose 6*n + 5*y + 250 = n, -3*n - 2*y - 154 = 0. Let b = n - a. Let z(w) = -w**3 + 5*w**2 + 7*w - 1. Determine z(b).
5
Let d(v) = -334*v + 1206 + 338*v - 1198. Determine d(2).
16
Let l(c) = 2*c + c + 7 - 4*c + 15*c**2 - 21. Let k(g) = -7*g**2 + g + 7. Let b(o) = 13*k(o) + 6*l(o). Let f be 63/(-6)*((-28)/6 + 4). What is b(f)?
7
Let a(j) be the first derivative of 7*j - 1/3*j**3 + 1 + 1/2*j**2. Let q = 103926 + -103926. Give a(q).
7
Suppose 0*z - 4*z + 2*j + 12 = 0, -3*z + 29 = -4*j. Let s(g) = 3*g - 3*g + 1 - 3*g + 2*g. Let u(n) = -10*n**2 + 7*n - 5. Let m(f) = -6*s(f) - u(f). Give m(z).
10
Let r(p) = 3*p**2 - 22*p + 15. Let l(v) be the first derivative of v**3/3 - 11*v**2/2 + 7*v - 64. Let s(n) = -5*l(n) + 2*r(n). Give s(-7).
-33
Let t(s) = 41*s - 3*s**2 - 4 - 45*s + s**3 + 6. Let v be t(4). Let z(q) = -2 + 2*q**2 - 1 - 3*q + 8*q - 2*q - 3*q**2. Calculate z(v).
-1
Let t be ((-36)/15)/(4/(-20)). Let o(v) = -6*v**2 - t*v**3 - 17*v**3 - 8 + 30*v**3. Let p(k) = -k**3 - 4*k**2 + 6*k + 11. Let i be p(-5). Give o(i).
-8
Let v(s) = 4*s**3 + 14*s**2 - 15*s + 5. Let g(b) = 5*b**3 + 15*b**2 - 16*b + 5. Let y(t) = 5*g(t) - 6*v(t). Let d = 148 + -140. Determine y(d).
11
Let z(w) be the first derivative of -3*w**2 + 43*w + 10914. Calculate z(13).
-35
Let y(v) = -7*v + 108. Let s be y(15). Let p(i) = -2 - i**3 - 6*i**3 + 2*i**2 - i**3 + 7*i**3 - s*i. What is p(3)?
-20
Let t(x) = -x - 1. Let d = 3 + -4. Let w be -1 + (-4)/(-30) + -2*146/(-60). Let n(v) = -v**2 - 3*v - 7. Let y(a) = d*n(a) + w*t(a). Give y(0).
3
Let a(g) be the first derivative of -2*g**3 - g**2/2 - 3*g + 425. Determine a(-3).
-54
Let u = 21 - 11. Suppose -u*x + 66 = -4*x. Suppose 7*c + 5*d = 4*c, 3*d - x = -4*c. Let f(h) = -h**3 + 6*h**2 - 2*h - 5. Determine f(c).
10
Let r(q) be the second derivative of -q**3/3 - q**2/2 - 682*q. Suppose 0 = 3*m + 2*f + 1, 0*f + 5*f + 11 = m. Calculate r(m).
-3
Let z(l) = 23*l**2 - 69*l - 88. Let i(c) = -8*c**2 + 25*c + 30. Let a(h) = -17*i(h) - 6*z(h). Give a(-9).
-45
Let u(b) = -60*b + 405. Let k be u(7). Suppose 4*j + 2 = -2. Let z be j*1 - (23 + k). Let f(w) = -w**2 - 10*w - 13. Determine f(z).
-4
Let h(q) be the third derivative of q**6/120 + 2*q**5/15 - 11*q**4/24 - 11*q**3/6 + 3250*q**2. Calculate h(-9).
7
Let j be (2/(-6))/(3/(-36)). Let c(z) = 161 - j*z**3 - z + 3*z**3 - 162 - z**2. Let k = 1 - 2. Calculate c(k).
0
Let h be 7 - ((-343)/(-14) - 18). Let d(b) be the second derivative of 1/12*b**4 - 3*b - 4/3*b**3 + 0 - h*b**2. Calculate d(8).
-1
Let k(c) = -3*c - 9. Suppose 30*w - w + 12*w = -58*w. Determine k(w).
-9
Let s(r) = -2*r - 23. Let o be -14*(-18)/20 - -12*(-11)/(-330). Calculate s(o).
-49
Let j(h) = -2*h**3 + 2*h**2 - 5. Let x(i) = 12*i**3 - 13*i**2 + 32. Let v(t) = -13*j(t) - 2*x(t). Give v(2).
17
Let f(k) = 8*k - 16. Let s(v) = 13*v - 25. Let y(h) = -8*f(h) + 5*s(h). Calculate y(-5).
-2
Let v(p) = 4*p + 89. Suppose 2*g + 2*j - 11 = -1, g = -4*j + 20. Calculate v(g).
89
Let w(s) be the second derivative of -s**4/6 - 53*s**3/6 + 105*s**2 + 3985*s - 1. What is w(-30)?
0
Let k(c) = 110*c**2 - 18 - 16 + 38 - 4*c - 108*c**2 + 4*c. Let x = 2 - -2. Determine k(x).
36
Let o(x) = -3*x - 28. Suppose w + 29 = 2*n, 15*w = 21*w + n + 109. Calculate o(w).
29
Let t(m) = 2*m**2 + m - 1. Let l(i) = i**2 + 2*i - 16. Let v be l(-6). Let s be v*(-6)/(-3) - 4. Suppose 4*x + 10 = 2*g - 2, -s = -3*g + 3*x. What is t(g)?
9
Let p(i) = -5*i**2 + 15*i + 10. Let o(u) = -16*u + 9*u**2 - 9*u + 4*u - 22 - 8*u. Let z(q) = -4*o(q) - 7*p(q). Determine z(13).
-8
Let t(f) = f**3 - 2*f**2 - 49*f - 9. Suppose 0*p - 818 = 30*p - 608. Determine t(p).
-107
Let v(g) = g**3 + 3*g**2 - 2*g + 3. Let p(u) = -8*u**3 - 4*u**2 + 2*u + 1. Let y be p(1). Let f be y - 5/(-4 - (-1 + -2)). Calculate v(f).
-5
Let g = 42 - 34. Suppose 0 = 5*x + 3 - g. Let b(n) be the first derivative of -n**4/4 + n**2/2 - 4. Give b(x).
0
Let r(u) = -1 - 3 - u + 10*u + 2. Suppose 3*n - 2*t = 4, -t + 25 = -5*n - 4*t. Calculate r(n).
-20
Let m(f) be the second derivative of f**5/20 + f**4 - 15*f**3/2 - 7*f**2/2 - 904*f. Give m(-15).
-7
Let m(l) be the second derivative of -95*l**3/6 + l**2/2 - 3115*l. Give m(-1).
96
Let n(y) = y - 5. Suppose -q + 20677 = -30*q. Let u = -709 - q. Give n(u).
-1
Let j = 6250 + -6256. Let w(l) be the third derivative of -l**6/120 - 7*l**5/60 - 7*l**4/24 + 2*l**2. What is w(j)?
6
Let i(x) = -x + 10. Let j be (2 - 0)*(-14)/(-7). Suppose 2*k + 31 = 6*k + 3*c, j*c - 20 = 0. Give i(k).
6
Suppose -5*t - 2*c = -196, -4*c = 2*t + 1 - 73. Suppose 12*j - t = 2*j. Let f(i) = 3*i**2 - 5*i + 6. Calculate f(j).
34
Let v(m) = m**3 + m**2 + m + 31. Suppose -129*a + 132*a = 5*x - 21, -35 = -5*x + 5*a. Determine v(x).
31
Let y(b) = 34*b + 12. Let d(m) = -77*m - 2